{"id":13,"date":"2020-09-28T07:27:01","date_gmt":"2020-09-28T05:27:01","guid":{"rendered":"http:\/\/artrenov974.com\/?page_id=13"},"modified":"2021-03-07T08:32:55","modified_gmt":"2021-03-07T07:32:55","slug":"contact","status":"publish","type":"page","link":"https:\/\/artrenov974.com\/index.php\/contact\/","title":{"rendered":"Contact\/Devis"},"content":{"rendered":"\t\t<div data-elementor-type=\"wp-page\" data-elementor-id=\"13\" class=\"elementor elementor-13\" data-elementor-settings=\"[]\">\n\t\t\t\t\t\t<div class=\"elementor-inner\">\n\t\t\t\t\t\t\t<div class=\"elementor-section-wrap\">\n\t\t\t\t\t\t\t<section class=\"elementor-section elementor-top-section elementor-element elementor-element-735599ea elementor-section-boxed elementor-section-height-default elementor-section-height-default\" data-id=\"735599ea\" data-element_type=\"section\">\n\t\t\t\t\t\t<div class=\"elementor-container elementor-column-gap-default\">\n\t\t\t\t\t\t\t<div class=\"elementor-row\">\n\t\t\t\t\t<div class=\"elementor-column elementor-col-100 elementor-top-column elementor-element elementor-element-5a34a4db\" data-id=\"5a34a4db\" data-element_type=\"column\">\n\t\t\t<div class=\"elementor-column-wrap elementor-element-populated\">\n\t\t\t\t\t\t\t<div class=\"elementor-widget-wrap\">\n\t\t\t\t\t\t<div class=\"elementor-element elementor-element-85b3880 elementor-widget elementor-widget-heading\" data-id=\"85b3880\" data-element_type=\"widget\" data-widget_type=\"heading.default\">\n\t\t\t\t<div class=\"elementor-widget-container\">\n\t\t\t<h2 class=\"elementor-heading-title elementor-size-default\">Artrenov974<\/h2>\t\t<\/div>\n\t\t\t\t<\/div>\n\t\t\t\t<div class=\"elementor-element elementor-element-71c99e62 elementor-widget elementor-widget-text-editor\" data-id=\"71c99e62\" data-element_type=\"widget\" data-widget_type=\"text-editor.default\">\n\t\t\t\t<div class=\"elementor-widget-container\">\n\t\t\t\t\t\t\t\t<div class=\"elementor-text-editor elementor-clearfix\">\n\t\t\t\t\t<p><span style=\"color: #000000;\">Faites appel \u00e0 nous, nous \u00e9tablissons votre devis de r\u00e9novation gratuitement. Vous pouvez nous joindre par t\u00e9l\u00e9phone ou par mail en remplissant notre formulaire de contact en ligne. Situ\u00e9s \u00e0 Saint Paul, nous intervenons sur toute la R\u00e9union.<\/span><\/p><p><span style=\"color: #d74c0d;\">ARTRENOV974<\/span><br \/><span style=\"color: #000000;\">283 B Chemin des Combavas<br \/>97411 Bois-de-N\u00e8fles \u2013 Saint Pau<\/span><span style=\"color: #000000;\">l<\/span><br \/><span style=\"color: #d74c0d;\"><strong>06 92 68 88 97<\/strong><\/span><br \/><span style=\"color: #000000;\">artrenov974@gmail.com<\/span><br \/><div role=\"form\" class=\"wpcf7\" id=\"wpcf7-f146-o1\" lang=\"fr-FR\" dir=\"ltr\">\n<div class=\"screen-reader-response\"><p role=\"status\" aria-live=\"polite\" aria-atomic=\"true\"><\/p> <ul><\/ul><\/div>\n<form action=\"\/index.php\/wp-json\/wp\/v2\/pages\/13#wpcf7-f146-o1\" method=\"post\" class=\"wpcf7-form init\" novalidate=\"novalidate\" data-status=\"init\">\n<div style=\"display: none;\">\n<input type=\"hidden\" name=\"_wpcf7\" value=\"146\" \/>\n<input type=\"hidden\" name=\"_wpcf7_version\" value=\"5.4.2\" \/>\n<input type=\"hidden\" name=\"_wpcf7_locale\" value=\"fr_FR\" \/>\n<input type=\"hidden\" name=\"_wpcf7_unit_tag\" value=\"wpcf7-f146-o1\" \/>\n<input type=\"hidden\" name=\"_wpcf7_container_post\" value=\"0\" \/>\n<input type=\"hidden\" name=\"_wpcf7_posted_data_hash\" value=\"\" \/>\n<\/div>\n<p><label> Votre nom (obligatoire)<br \/>\n    <span class=\"wpcf7-form-control-wrap your-name\"><input type=\"text\" name=\"your-name\" value=\"\" size=\"40\" class=\"wpcf7-form-control wpcf7-text wpcf7-validates-as-required\" aria-required=\"true\" aria-invalid=\"false\" \/><\/span> <\/label><\/p>\n<p><label> Votre adresse de messagerie (obligatoire)<br \/>\n    <span class=\"wpcf7-form-control-wrap your-email\"><input type=\"email\" name=\"your-email\" value=\"\" size=\"40\" class=\"wpcf7-form-control wpcf7-text wpcf7-email wpcf7-validates-as-required wpcf7-validates-as-email\" aria-required=\"true\" aria-invalid=\"false\" \/><\/span> <\/label><\/p>\n<p><label> Objet<br \/>\n    <span class=\"wpcf7-form-control-wrap your-subject\"><input type=\"text\" name=\"your-subject\" value=\"\" size=\"40\" class=\"wpcf7-form-control wpcf7-text\" aria-invalid=\"false\" \/><\/span> <\/label><\/p>\n<p><label> Votre message<br \/>\n    <span class=\"wpcf7-form-control-wrap your-message\"><textarea name=\"your-message\" cols=\"40\" rows=\"10\" class=\"wpcf7-form-control wpcf7-textarea\" aria-invalid=\"false\"><\/textarea><\/span> <\/label><\/p>\n<p><input type=\"submit\" value=\"Envoyer\" class=\"wpcf7-form-control wpcf7-submit\" \/><\/p>\n<div class=\"wpcf7-response-output\" aria-hidden=\"true\"><\/div><\/form><\/div><\/p>\t\t\t\t\t<\/div>\n\t\t\t\t\t\t<\/div>\n\t\t\t\t<\/div>\n\t\t\t\t\t\t<\/div>\n\t\t\t\t\t<\/div>\n\t\t<\/div>\n\t\t\t\t\t\t\t\t<\/div>\n\t\t\t\t\t<\/div>\n\t\t<\/section>\n\t\t\t\t\t\t<\/div>\n\t\t\t\t\t\t<\/div>\n\t\t\t\t\t<\/div>\n\t\t","protected":false},"excerpt":{"rendered":"<p>Artrenov974 Faites appel \u00e0 nous, nous \u00e9tablissons votre devis de r\u00e9novation gratuitement. Vous pouvez nous joindre par t\u00e9l\u00e9phone ou par mail en remplissant notre formulaire de contact en ligne. Situ\u00e9s \u00e0 Saint Paul, nous intervenons sur toute la R\u00e9union. ARTRENOV974283 B Chemin des Combavas97411 Bois-de-N\u00e8fles \u2013 Saint Paul06 92 68 88 97artrenov974@gmail.com<\/p>\n","protected":false},"author":1,"featured_media":0,"parent":0,"menu_order":0,"comment_status":"closed","ping_status":"closed","template":"","meta":[],"yoast_head":"<!-- This site is optimized with the Yoast SEO plugin v16.7 - https:\/\/yoast.com\/wordpress\/plugins\/seo\/ -->\n<title>Contact\/Devis - Artrenov974<\/title>\n<meta name=\"robots\" content=\"index, follow, max-snippet:-1, max-image-preview:large, max-video-preview:-1\" \/>\n<link rel=\"canonical\" href=\"https:\/\/artrenov974.com\/index.php\/contact\/\" \/>\n<meta property=\"og:locale\" content=\"fr_FR\" \/>\n<meta property=\"og:type\" content=\"article\" \/>\n<meta property=\"og:title\" content=\"Contact\/Devis - Artrenov974\" \/>\n<meta property=\"og:description\" content=\"Artrenov974 Faites appel \u00e0 nous, nous \u00e9tablissons votre devis de r\u00e9novation gratuitement. Vous pouvez nous joindre par t\u00e9l\u00e9phone ou par mail en remplissant notre formulaire de contact en ligne. Situ\u00e9s \u00e0 Saint Paul, nous intervenons sur toute la R\u00e9union. ARTRENOV974283 B Chemin des Combavas97411 Bois-de-N\u00e8fles \u2013 Saint Paul06 92 68 88 97artrenov974@gmail.com\" \/>\n<meta property=\"og:url\" content=\"https:\/\/artrenov974.com\/index.php\/contact\/\" \/>\n<meta property=\"og:site_name\" content=\"Artrenov974\" \/>\n<meta property=\"article:publisher\" content=\"https:\/\/www.facebook.com\/trontin.bruno.7\" \/>\n<meta property=\"article:modified_time\" content=\"2021-03-07T07:32:55+00:00\" \/>\n<meta name=\"twitter:card\" content=\"summary_large_image\" \/>\n<script type=\"application\/ld+json\" class=\"yoast-schema-graph\">{\"@context\":\"https:\/\/schema.org\",\"@graph\":[{\"@type\":\"WebSite\",\"@id\":\"https:\/\/artrenov974.com\/#website\",\"url\":\"https:\/\/artrenov974.com\/\",\"name\":\"Artrenov974\",\"description\":\"Travaux de l&#039;habitat\",\"potentialAction\":[{\"@type\":\"SearchAction\",\"target\":{\"@type\":\"EntryPoint\",\"urlTemplate\":\"https:\/\/artrenov974.com\/?s={search_term_string}\"},\"query-input\":\"required name=search_term_string\"}],\"inLanguage\":\"fr-FR\"},{\"@type\":\"WebPage\",\"@id\":\"https:\/\/artrenov974.com\/index.php\/contact\/#webpage\",\"url\":\"https:\/\/artrenov974.com\/index.php\/contact\/\",\"name\":\"Contact\/Devis - Artrenov974\",\"isPartOf\":{\"@id\":\"https:\/\/artrenov974.com\/#website\"},\"datePublished\":\"2020-09-28T05:27:01+00:00\",\"dateModified\":\"2021-03-07T07:32:55+00:00\",\"breadcrumb\":{\"@id\":\"https:\/\/artrenov974.com\/index.php\/contact\/#breadcrumb\"},\"inLanguage\":\"fr-FR\",\"potentialAction\":[{\"@type\":\"ReadAction\",\"target\":[\"https:\/\/artrenov974.com\/index.php\/contact\/\"]}]},{\"@type\":\"BreadcrumbList\",\"@id\":\"https:\/\/artrenov974.com\/index.php\/contact\/#breadcrumb\",\"itemListElement\":[{\"@type\":\"ListItem\",\"position\":1,\"name\":\"Accueil\",\"item\":\"https:\/\/artrenov974.com\/\"},{\"@type\":\"ListItem\",\"position\":2,\"name\":\"Contact\/Devis\"}]}]}<\/script>\n<!-- \/ Yoast SEO plugin. -->","yoast_head_json":{"title":"Contact\/Devis - Artrenov974","robots":{"index":"index","follow":"follow","max-snippet":"max-snippet:-1","max-image-preview":"max-image-preview:large","max-video-preview":"max-video-preview:-1"},"canonical":"https:\/\/artrenov974.com\/index.php\/contact\/","og_locale":"fr_FR","og_type":"article","og_title":"Contact\/Devis - Artrenov974","og_description":"Artrenov974 Faites appel \u00e0 nous, nous \u00e9tablissons votre devis de r\u00e9novation gratuitement. Vous pouvez nous joindre par t\u00e9l\u00e9phone ou par mail en remplissant notre formulaire de contact en ligne. Situ\u00e9s \u00e0 Saint Paul, nous intervenons sur toute la R\u00e9union. ARTRENOV974283 B Chemin des Combavas97411 Bois-de-N\u00e8fles \u2013 Saint Paul06 92 68 88 97artrenov974@gmail.com","og_url":"https:\/\/artrenov974.com\/index.php\/contact\/","og_site_name":"Artrenov974","article_publisher":"https:\/\/www.facebook.com\/trontin.bruno.7","article_modified_time":"2021-03-07T07:32:55+00:00","twitter_card":"summary_large_image","schema":{"@context":"https:\/\/schema.org","@graph":[{"@type":"WebSite","@id":"https:\/\/artrenov974.com\/#website","url":"https:\/\/artrenov974.com\/","name":"Artrenov974","description":"Travaux de l&#039;habitat","potentialAction":[{"@type":"SearchAction","target":{"@type":"EntryPoint","urlTemplate":"https:\/\/artrenov974.com\/?s={search_term_string}"},"query-input":"required name=search_term_string"}],"inLanguage":"fr-FR"},{"@type":"WebPage","@id":"https:\/\/artrenov974.com\/index.php\/contact\/#webpage","url":"https:\/\/artrenov974.com\/index.php\/contact\/","name":"Contact\/Devis - Artrenov974","isPartOf":{"@id":"https:\/\/artrenov974.com\/#website"},"datePublished":"2020-09-28T05:27:01+00:00","dateModified":"2021-03-07T07:32:55+00:00","breadcrumb":{"@id":"https:\/\/artrenov974.com\/index.php\/contact\/#breadcrumb"},"inLanguage":"fr-FR","potentialAction":[{"@type":"ReadAction","target":["https:\/\/artrenov974.com\/index.php\/contact\/"]}]},{"@type":"BreadcrumbList","@id":"https:\/\/artrenov974.com\/index.php\/contact\/#breadcrumb","itemListElement":[{"@type":"ListItem","position":1,"name":"Accueil","item":"https:\/\/artrenov974.com\/"},{"@type":"ListItem","position":2,"name":"Contact\/Devis"}]}]}},"_links":{"self":[{"href":"https:\/\/artrenov974.com\/index.php\/wp-json\/wp\/v2\/pages\/13"}],"collection":[{"href":"https:\/\/artrenov974.com\/index.php\/wp-json\/wp\/v2\/pages"}],"about":[{"href":"https:\/\/artrenov974.com\/index.php\/wp-json\/wp\/v2\/types\/page"}],"author":[{"embeddable":true,"href":"https:\/\/artrenov974.com\/index.php\/wp-json\/wp\/v2\/users\/1"}],"replies":[{"embeddable":true,"href":"https:\/\/artrenov974.com\/index.php\/wp-json\/wp\/v2\/comments?post=13"}],"version-history":[{"count":12,"href":"https:\/\/artrenov974.com\/index.php\/wp-json\/wp\/v2\/pages\/13\/revisions"}],"predecessor-version":[{"id":592,"href":"https:\/\/artrenov974.com\/index.php\/wp-json\/wp\/v2\/pages\/13\/revisions\/592"}],"wp:attachment":[{"href":"https:\/\/artrenov974.com\/index.php\/wp-json\/wp\/v2\/media?parent=13"}],"curies":[{"name":"wp","href":"https:\/\/api.w.org\/{rel}","templated":true}]}}